a - 4*b + t*b + 2 = 0, -2*b - 6 = -3*a. Calculate the remainder when a is divided by 9/(-2)*(-4)/9.
0
Let a = 5 + -6. Suppose 0 = 3*y - 8*y + 135. Calculate the remainder when (4 - 3)/(a/(-52)) is divided by y.
25
Suppose -2*x - 29 = -81. Calculate the remainder when x is divided by 7.
5
Let l(v) = v + 10. What is the remainder when 13 is divided by l(-5)?
3
Let o(b) = 2*b**2 + 12*b + 3. Let f(z) = 2*z - 5*z - 2 + z**2 + 3 + z. Calculate the remainder when o(-8) is divided by f(4).
8
Suppose 4*p = -4 + 12. Suppose 0 = -p*l + 4*l. Suppose -2*s + q + 45 = -l*q, 0 = -4*s + 5*q + 93. Calculate the remainder when s is divided by 8.
6
Suppose 0 = -4*o + 5*f + 35 + 12, 0 = o + 3*f - 33. What is the remainder when (-155)/(-5) + 0 + 2 is divided by o?
15
Suppose 3*l + u - 2 - 44 = 0, -3*l - 5*u + 62 = 0. What is the remainder when (7/(-2) + 2)*-46 is divided by l?
13
Let b(d) = 14*d**2 + 3*d + 2. Calculate the remainder when b(-2) is divided by 6.
4
Let v(l) = 3*l - 4. Calculate the remainder when 129 is divided by v(10).
25
Suppose -3*k = -4*k + 5. Suppose 0 = -d - 0*d + 4*o - 33, -d - o = 18. What is the remainder when 15/(-3)*d/k is divided by 11?
10
Let b = 187 - 166. What is the remainder when 83 is divided by b?
20
Let m = 174 + -110. What is the remainder when m is divided by 14?
8
Let x(a) = -a**2 - 2*a + a + 12 + 0*a - 4. Calculate the remainder when x(0) is divided by 5.
3
Suppose 9*l = 12*l - 12. Calculate the remainder when 18 is divided by l.
2
Let l(b) = b + 5. Suppose 4*i - 25 = -3*w, -w + 0 = -3. What is the remainder when l(-3) is divided by (-12)/6 + 0 + i?
0
Let l = 27 + -4. Calculate the remainder when l is divided by 13.
10
Let b = -44 - -23. Let u = b - -38. Suppose -5*g + 45 = -y, 0 = 2*g - y + 6*y - 18. Calculate the remainder when u is divided by g.
8
Let k(w) = -w**3 - 6*w**2 + w + 4. Let f be k(-6). Let r be 29/2*(-4)/f. Let i = -14 + r. What is the remainder when i is divided by 8?
7
Let b(u) = 9*u**2 - 19*u + 3. What is the remainder when b(5) is divided by 34?
31
What is the remainder when 6 is divided by 4/(6/(0 + 3))?
0
Let t(y) = -3*y + 1. What is the remainder when 10 is divided by t(-1)?
2
Let k(t) be the first derivative of 2*t**3/3 + 7*t**2/2 - t - 1. Calculate the remainder when 41 is divided by k(-5).
13
Calculate the remainder when 124 is divided by -3 - (4/20 - (-282)/(-10)).
24
Suppose 6*j - 425 = 85. What is the remainder when j is divided by 11?
8
Let w(p) = -p - 5. Let c be (-19)/(-7) + (-2)/(-7). Let g = c - 10. Calculate the remainder when 2 is divided by w(g).
0
Suppose 193 = 5*m - 142. Calculate the remainder when m is divided by 8*(-1)/((-2)/6) + -1.
21
Let g = 3 - -2. Suppose p + 2*p + 130 = g*c, -p = 2*c - 63. What is the remainder when c is divided by 10?
9
Let d(a) = a**3 - a + 2. Let z(x) = x + 6. What is the remainder when d(3) is divided by z(8)?
12
Let w(o) = -o**3 + 10*o**2 - 2*o - 10. Let g(t) = t**2 + t + 14. What is the remainder when w(9) is divided by g(0)?
11
Suppose -4*r + 7 + 37 = 0. What is the remainder when 43 is divided by r?
10
Suppose 0*q + 3*q - 24 = 0. Calculate the remainder when 44 is divided by q.
4
Suppose 0 = 4*h + 3 - 131. Calculate the remainder when h is divided by 17.
15
Let x(m) = 2*m**2 + 6*m. Suppose -7 - 53 = -3*i. Suppose -3*a - 2*a = i. What is the remainder when 23 is divided by x(a)?
7
Suppose 5*r + 13 = 2*a - 44, 0 = -3*a - 5*r + 73. Suppose h = -h + a. What is the remainder when 37 is divided by h?
11
Suppose 6*n - 89 - 43 = 0. What is the remainder when n is divided by 3*4/2 - -2?
6
Suppose -a = 3*a + 20. Let m = a + 12. Let d = 247 - 244. Calculate the remainder when m is divided by d.
1
Suppose 0 = -12*k + 7*k + 70. Calculate the remainder when 52 is divided by k.
10
Let c be 2 + (-2)/(-2) - 0. Let a = c + -1. Suppose 5*k - 24 = -a*w + 3*k, 28 = 4*w - k. What is the remainder when 14 is divided by w?
6
Suppose 0 = 2*z - 2*d - 14, 0 = -z - 4*z + 4*d + 35. Calculate the remainder when 17 is divided by z.
3
Let s = 4 - 3. Calculate the remainder when s is divided by 1.
0
Suppose -5*b = -5*w + w + 12, 0 = -3*b. What is the remainder when w is divided by 2?
1
Suppose -6 = -3*t + 2*t. Let r = 41 + t. What is the remainder when r is divided by 12?
11
Let h be -1 + 2 + (-2 - -1). Suppose -6*w - i = -2*w - 10, -5*i + 10 = h. Calculate the remainder when (-16)/(-6) + 1/3 is divided by w.
1
Let u(r) = -6*r - 9. Let j = -280 + 392. Suppose -4*m = -0*m - j. Calculate the remainder when m is divided by u(-4).
13
Suppose 0 = -4*g - 37 + 117. Calculate the remainder when 78 is divided by g.
18
Let h = 14 - 8. Suppose -3*r = -h*r + j + 7, -1 = j. What is the remainder when r is divided by 1?
0
Let a(l) = -l**3 + 14*l**2 - 10*l + 12. What is the remainder when a(13) is divided by 13?
12
Suppose 0*b - 40 = 2*b - 2*j, 3*b + 5*j + 52 = 0. What is the remainder when 39 is divided by (-1 - -1) + 1 - b?
19
Suppose -71 - 89 = -5*r. Suppose -r = -x - 1. Calculate the remainder when x is divided by 17.
14
What is the remainder when 12 is divided by 16*1*(-3)/(-6)?
4
Suppose 0*q = q - 83. Calculate the remainder when q is divided by 21.
20
Let h(a) = 2*a + 38. Let p be h(-19). Suppose -2*k + 0 = -8. Suppose p = -0*z - z + k. Calculate the remainder when 7 is divided by z.
3
Suppose 0 = -3*h + 5*s + 43, s + 4 = -3*h + 17. Suppose 0 = -5*j + 6 + 4. Calculate the remainder when h is divided by j.
0
Suppose 0 = 10*p + 118 - 298. What is the remainder when p is divided by 9?
0
Let i(p) = -p**3 - 2*p**2 + 4*p + 2. Let d = 271 + -264. Calculate the remainder when i(-4) is divided by d.
4
Suppose -4*v + 0*s + s = -62, -2*v = 5*s - 42. Calculate the remainder when v is divided by 7.
2
Suppose 5*l = 5*t - 20, 3*t + 3*l + 2*l - 52 = 0. What is the remainder when t is divided by -10*((-15)/6)/5?
4
Let k(q) = -7*q**3 + q**2 + 2*q + 1. Let p be k(-1). Suppose -p*a + 60 = -2*a. Calculate the remainder when 21 is divided by a.
9
Suppose -2*w = f - 44, w - 5*w + f = -94. Let b = -12 - 2. Let p(t) = -2*t - 20. What is the remainder when w is divided by p(b)?
7
Suppose -2*g = -39 - 11. What is the remainder when 0 + (-225)/(-3) + -1 is divided by g?
24
Let f = 16 + 11. What is the remainder when f is divided by 6?
3
Suppose 5 = -2*s + 4*k - 9, 5*s = -3*k - 22. Let y(p) = p**2 - 5. Calculate the remainder when 77 is divided by y(s).
17
Suppose -2*m + 6 = -10. Suppose 9 = n - m. Calculate the remainder when 50 is divided by n.
16
Let x(o) = 12*o**2. Let h be x(-1). Suppose 4*q + 5*i + 39 = 0, -4*q + 2*i - 4*i = 30. Calculate the remainder when q/4 + 366/h is divided by 16.
13
Let k(h) = -h**3 - 4*h**2 - 3*h. Let v be k(-3). What is the remainder when 0 + v - (-7 + -14) is divided by 12?
9
Let t(a) = 2*a**3 - 3*a**2 - 7*a - 7. What is the remainder when t(5) is divided by 34?
31
Let j = 124 - 63. What is the remainder when j is divided by 21?
19
Suppose 17 = 3*g + 2*h, -4*g - g + h + 24 = 0. Let q(m) = -m**3 + 5*m**2 + 3*m - 5. Calculate the remainder when q(g) is divided by 4.
2
Let q(n) = -n**3 + 7*n**2 - 3*n + 3. Let t be q(3). Suppose 3*i - t = 2*i. What is the remainder when i is divided by 16?
14
Let k = 5 - 4. What is the remainder when 2 is divided by k?
0
Let u be (-5)/((-15)/228)*-1. Let a(c) = -c**3 + 3*c**2 - 2*c + 8. Let o be a(6). Let h = u - o. What is the remainder when h is divided by 13?
10
Let k(d) = d**3 - 2*d**2 + 2*d + 2. Let h(a) = a**2 + 4*a + 2. Let p be h(-4). Calculate the remainder when k(p) is divided by 2.
0
Let q be 66/18 + 1/3. Let b = 25 + q. What is the remainder when b is divided by 15?
14
Let c(s) = -s - 4 - 5 - s + 5*s. Calculate the remainder when 34 is divided by c(7).
10
Let f be (-4)/10 + 2/5. Let g = 37 + f. Suppose 0 = 3*c - 40 + 1. Calculate the remainder when g is divided by c.
11
Let d(g) = g - 15 - g**2 + 0*g**2 + 29 + 18. Let a be 0/(3/(3/(-2))). What is the remainder when d(a) is divided by 11?
10
Suppose -120 = 119*l - 121*l. What is the remainder when l is divided by 32?
28
Calculate the remainder when 99 is divided by (5/15)/(3/162).
9
Suppose 5*z - 430 = 4*c + c, -5*z - 2*c + 423 = 0. Calculate the remainder when z is divided by 22.
19
Let l = -14 + 37. What is the remainder when l is divided by ((-6)/5)/(1/(-10))?
11
Let y = -7 - -14. Suppose -y*b 